v - 31. Give s(5).
254
Let u(h) = h**3 + 46*h**2 - 2*h - 108. Give u(-46).
-16
Let w(h) = 34*h**2 + 3409*h + 930. Determine w(-100).
30
Let a(p) = -5*p**3 + 69*p**2 + 15*p - 2. What is a(14)?
12
Let r(h) = -h**3 - 2*h**2 - 2*h - 11. What is r(-6)?
145
Let i(p) = 2*p**2 - 28*p - 540. Determine i(-11).
10
Let y(l) = -l**3 + 11*l**2 + 14*l + 112. What is y(-6)?
640
Let v(m) = -m**2 - 280*m + 8. Give v(0).
8
Let z(n) = n**3 - 52*n**2 + 90*n + 429. Give z(50).
-71
Let w(u) = u**3 + 47*u**2 + 5*u + 226. Give w(-47).
-9
Let p(u) = 136*u - 4369. Calculate p(35).
391
Let q(y) = 12*y**2 + 2*y - 3. Determine q(-4).
181
Let x(h) = 4*h**2 + 71*h + 240. Calculate x(-16).
128
Let f(x) = x**2 - 17*x. What is f(17)?
0
Let o(j) = 1186*j + 43872. Give o(-37).
-10
Let i(h) = -h**3 + 41*h**2 - 35*h + 33. Calculate i(40).
233
Let t(s) = 5*s**2 - 20*s - 28. Determine t(4).
-28
Let z(l) = l**2 + 569*l + 54204. Calculate z(-121).
-4
Let g(i) = -i**3 - 11*i**2 + 317*i - 54. Give g(13).
11
Let o(y) = -y**3 - 10*y**2 - 81*y + 305. What is o(3)?
-55
Let p(n) = n**2 + 28*n - 325. Calculate p(-37).
8
Let p(z) = 27*z + 497. Calculate p(-19).
-16
Let k(r) = 18*r**2 + 221*r + 68. Give k(-12).
8
Let v(q) = 7*q**2 - 3*q - 53. Determine v(9).
487
Let i(t) = 2*t**3 + 57*t**2 - 28*t + 9. Calculate i(-29).
-20
Let x(o) = 3*o**3 + 7*o**2 - 49*o - 36. Give x(-6).
-138
Let s(z) = -z**3 + 31*z**2 - z + 15. Calculate s(31).
-16
Let y(m) = -2*m**3 - m**2 + 2004*m + 6. Give y(0).
6
Let v(x) = 62*x + 624. What is v(-10)?
4
Let k(s) = 48*s**2 - 204*s + 14. What is k(4)?
-34
Let w(v) = -v**3 + 10*v**2 - 66*v + 6. Determine w(7).
-309
Let i(u) = u**2 + 10*u - 4. What is i(-8)?
-20
Let v(j) = 54*j - 2997. Calculate v(56).
27
Let z(f) = -2*f**3 + 79*f**2 - 38*f - 105. What is z(39)?
-66
Let d(k) = -2*k**3 + 11*k**2 + 13*k - 13. Determine d(6).
29
Let f(h) = h**3 + 9*h**2 + 16*h + 9. Give f(-7).
-5
Let c(i) = 2*i**2 + 5*i + 21. Give c(-8).
109
Let d(x) = 8*x - 627. Give d(63).
-123
Let b(w) = w**2 - 28*w + 179. What is b(10)?
-1
Let n(z) = 8*z**2 + 314*z - 3359. What is n(-48)?
1
Let o(t) = -t**2 + 83*t - 292. Give o(16).
780
Let f(t) = -t**2 - 3*t + 3356. Calculate f(-59).
52
Let m(r) = r**2 - 37*r + 180. What is m(26)?
-106
Let q(w) = -13*w**2 + 17*w + 51. Determine q(-3).
-117
Let y(u) = u**3 - 46*u**2 + 75*u + 570. Calculate y(44).
-2
Let y(i) = 10*i + 717. Calculate y(-71).
7
Let k(u) = u**2 - 20*u + 72. Determine k(6).
-12
Let n(p) = 3525*p - 28184. Give n(8).
16
Let b(c) = -2*c**2 + 18*c - 26. Give b(8).
-10
Let m(b) = 12*b - 143. What is m(-2)?
-167
Let i(z) = 18*z**2 - 795*z - 6265. What is i(51)?
8
Let z(m) = -3*m**2 + 29*m - 37. Determine z(5).
33
Let y(v) = -8*v - 50. What is y(-28)?
174
Let m(c) = 14*c**3 + 3*c**2 + 3*c + 7. What is m(-2)?
-99
Let y(t) = t**3 + 2*t**2 - 243*t + 273. What is y(14)?
7
Let r(y) = 2*y**2 - 294*y - 4855. Determine r(-15).
5
Let b(h) = 29*h**3 + 2060*h**2 + 72*h + 73. Determine b(-71).
2
Let v(f) = f**2 - 2881*f + 37287. What is v(13)?
3
Let d(u) = u**3 - 7*u**2 - 7*u + 19. Calculate d(8).
27
Let x(v) = -4*v + 234. Calculate x(23).
142
Let s(d) = 14*d - 165. What is s(-19)?
-431
Let l(z) = z**3 - 183*z**2 + 7300*z + 947. Determine l(59).
3
Let o(w) = -w**2 + 45*w - 450. Give o(16).
14
Let u(n) = -n**3 + 100*n**2 - 199*n + 270. Determine u(98).
-24
Let b(h) = 2*h**3 + 4*h - 5. Calculate b(-3).
-71
Let a(k) = 5*k**2 - 4*k - 6. Calculate a(-4).
90
Let i(h) = -32*h**2 - 191*h + 16. Determine i(-6).
10
Let d(y) = y**2 - 5*y + 38. What is d(7)?
52
Let k(a) = -2*a**2 + 275*a - 8994. What is k(84)?
-6
Let x(q) = -q**3 - 3*q**2 + 5*q - 6. Calculate x(4).
-98
Let u(f) = 121*f + 469. What is u(-4)?
-15
Let d(m) = 53*m + 62. Determine d(-3).
-97
Let m(l) = l**3 + 18*l**2 + 15*l - 25. Determine m(-18).
-295
Let y(u) = -137*u**2 + u + 1. Give y(-1).
-137
Let p(l) = l**3 - 36*l**2 + 12*l + 810. Determine p(35).
5
Let c(l) = -l**3 + 2*l**2 + 39*l - 73. Calculate c(2).
5
Let j(p) = p**2 - 13*p + 21. Determine j(11).
-1
Let a(u) = -81*u - 5850. Determine a(-75).
225
Let p(s) = -2*s**2 + 26*s + 2126. What is p(-26)?
98
Let o(s) = -17*s - 34. Calculate o(-6).
68
Let n(v) = -733*v - 28629. Determine n(-39).
-42
Let u(m) = m**3 + 24*m**2 - 82*m - 2. Give u(-27).
25
Let f(b) = 1003*b - 6018. Determine f(6).
0
Let t(n) = n**3 + 10*n**2 - 6*n + 251. Give t(-11).
196
Let x(a) = -4*a**2 + 54*a + 3. Give x(-6).
-465
Let j(t) = -2*t**2 + 69*t - 459. Calculate j(8).
-35
Let c(d) = 152*d - 1521. What is c(10)?
-1
Let b(w) = 5*w**2 - 253*w - 118. What is b(51)?
-16
Let o(t) = -26*t**3 - 13*t**2 - 11*t + 3. What is o(-2)?
181
Let f(z) = -z**3 + 16*z**2 + 96*z + 69. Calculate f(-4).
5
Let j(a) = a**3 - 18*a**2 + 890*a - 16026. Give j(18).
-6
Let h(u) = -u**3 - u**2 - 5*u + 100. Give h(-9).
793
Let r(b) = -2*b**2 + 12*b + 1104. Give r(-18).
240
Let x(n) = -928*n + 1841. Calculate x(2).
-15
Let w(r) = -2*r**3 + 53*r**2 - 77*r - 59. Give w(25).
-109
Let d(p) = -62*p + 1793. What is d(28)?
57
Let f(x) = -4*x**2 - x - 96. Give f(-8).
-344
Let p(a) = 2*a**3 + 22*a**2 + 47*a + 574. What is p(-11)?
57
Let h(g) = 2*g**3 + 7*g**2 - 75*g + 315. Give h(5).
365
Let s(g) = 4*g**3 - 56*g**2 + 55*g + 5. What is s(13)?
44
Let z(f) = 2*f**2 + 12*f - 51. Determine z(-8).
-19
Let w(s) = -s**2 - 90*s - 2139. Give w(-44).
-115
Let q(s) = -3*s**3 + 190*s**2 + 125*s + 194. Determine q(64).
2
Let v(a) = -6*a + 47. Calculate v(-21).
173
Let b(g) = -250*g + 9767. Determine b(39).
17
Let j(w) = 47*w**2 - w - 3. Calculate j(-1).
45
Let v(y) = -4*y**2 + 2*y - 7. Give v(-6).
-163
Let r(z) = -z**2 - 31*z - 382. What is r(-30)?
-352
Let h(p) = -p**3 + 41*p**2 - 57*p - 899. Calculate h(39).
-80
Let l(i) = -5*i**2 + 746*i - 1488. What is l(2)?
-16
Let a(w) = 168*w**3 - 3528*w**2 - 14*w + 297. Give a(21).
3
Let v(a) = -2153*a - 10760. What is v(-5)?
5
Let m(p) = -34*p + 1281. Determine m(37).
23
Let q(r) = -44*r - 1330. What is q(-15)?
-670
Let c(n) = -n**2 + 20*n + 43. Calculate c(24).
-53
Let v(l) = -3*l**2 - 70*l + 72. Give v(-24).
24
Let d(g) = -2*g**2 + 88*g + 91. Give d(45).
1
Let k(g) = -771*g**2 - 17733*g - 5. Give k(-23).
-5
Let k(p) = -7*p**3 - 95*p**2 - 4*p - 29. Determine k(-14).
615
Let i(h) = -163*h + 5868. Calculate i(36).
0
Let w(u) = 172*u - 3299. Determine w(19).
-31
Let h(y) = -y**3 + 4*y**2 + 13*y + 6. Give h(-2).
4
Let m(z) = -z**3 - 2*z**2 - z + 11. Give m(3).
-37
Let n(r) = -2*r**3 + 25*r**2 - 24*r + 125. Give n(12).
-19
Let w(c) = c**2 + 48*c - 59. Calculate w(2).
41
Let h(w) = 29*w + 71. Calculate h(10).
361
Let a(h) = 11*h**2 + 962*h - 1942. Calculate a(2).
26
Let d(z) = 8*z - 278. Give d(35).
2
Let w(c) = c**3 + 6*c**2 + 50*c + 308. Calculate w(-6).
8
Let x(s) = -s**3 + 127*s**2 - 98*s + 12454. What is x(127)?
8
Let z(g) = 11*g**2 + 5*g + 1. Give z(4).
197
Let q(b) = -2*b**3 + 23*b**2 + 18*b - 313. Determine q(11).
6
Let n(o) = -o**3 + 4*o**2 + 16*o + 9. Calculate n(0).
9
Let f(o) = 2*o**3 + 134*o**2 - 116*o + 1346. Determine f(-68).
-14
Let z(g) = g**3 - 4*g**2 - 29*g + 118. What is z(-7)?
-218
Let c(d) = -2*d**2 - 236*d + 3695. Determine c(-132).
-1
Let c(n) = -n**3 + 3*n**2 - 3*n + 61. Calculate c(0).
61
Let v(f) = 772*f + 3894. What is v(-5)?
34
Let q(b) = -b**3 + 5*b**2 + 10*b + 5. Give q(6).
29
Let m(u) = -363*u + 361. Calculate m(1).
-2
Let j(q) = 4*q**3 - 6*q**2 - 12*q + 7. Determine j(-4).
-297
Let x(z) = -4*z**3 - 36*z**2 + 225*z + 1844. Give x(-10).
-6
Let u(t) = -4*t**2 + 298*t + 88. Determine u(73).
526
Let d(q) = -38*q + 5355. Give d(141).
-3
Let t(p) = 21*p + 22. What is t(8)?
190
Let m(n) = 3*n**2 - 10*n - 6. Give m(6).
42
Let f(o) = -4*o**3 - 13. Calculate f(0).
-13
Let u(f) = 3*f**3 - 2*f**2 - 17*f + 20. What is u(3)?
32
Let g(c) = -c**3 - 19*c**2 + 141*c + 29. Determine g(6).
-25
Let z(t) = -t**2 + 65*t + 2721. Give z(94).
-5
Let m(v) = v**3 - 4*v**2 - 26*v + 116. What is m(5)?
11
Let f(u) = -338*u - 1326. Give f(-4).
26
Let j(y) = 2*y**2 + 37*y + 319. Give j(-10).
149
Let v(y) = -20*y + 254. Determine v(10).
54
Let x(v) = 137*v + 2467. Determine x(-18).
1
Let c(k) = 8*k**2 - 70*k - 157. Give c(11).
41
Let d(k) = 688*k**2 + 3441*k + 10. Determine d(-5).
5
Let a(o) = o**2 + 187*o + 178. Determine a(-186).
-8
Let v(f) = -65*f - 424. Give v(-9).
161
Let w(l) = -15*l - 438. Calc